f o(-8)?
1
Let j(n) = 5*n**2 - n. Suppose f = -4*p + 4, 3*p - 2*f - 2 = 6*p. Suppose -r - 1 = -p. What is the units digit of j(r)?
4
Suppose 0 = x - 4*a - 5 + 2, 31 = 4*x + 3*a. What is the units digit of x?
7
Suppose 2*l + 8 = 2. Let z be 2 - (-8 + 2)/l. Let k(t) = t + 8. What is the units digit of k(z)?
8
What is the units digit of (-2)/(-4) + 33/6?
6
Let o(t) = -t**3 - 3*t**2 + 2*t + 1. Suppose -5*d - 1 - 9 = 0. Let p be o(d). Let y = 8 + p. What is the units digit of y?
1
What is the hundreds digit of (73/4)/(7/112)?
2
Suppose o = 3*o - 6. Suppose -9 = -2*y - 2*p + 3*p, 4*p + 14 = -o*y. Suppose 2*k - 5*l = -7, -y = -k + l + 2. What is the units digit of k?
9
Let n(p) = 3*p**3 - 1. Let t be n(1). Let k = t - 0. Suppose 2 = k*q - r - 19, -q - r = -3. What is the units digit of q?
8
Let g(a) = a**3 - 2*a**2 - 3*a + 1. What is the units digit of g(3)?
1
Let k(v) = -3*v - 15. Suppose -2*l + 5*l = 39. Let j(i) = -2*i - 7. Let w(s) = l*j(s) - 6*k(s). What is the units digit of w(-1)?
7
Suppose 2*g - 32 = -2*g. Suppose -23 = -v - g. What is the tens digit of v?
1
Let p = -69 - -98. What is the tens digit of p?
2
Suppose 5*b - 4 - 3 = -l, 2*b + 5 = -3*l. Suppose -b*f = -29 + 5. What is the units digit of f?
2
What is the units digit of (-156)/(-3) - (-8)/2?
6
Suppose 142 = -4*q + 2*q. Let s = 118 + q. Suppose -s = -4*a - 19. What is the units digit of a?
7
Let d(q) = 11*q + 27. What is the hundreds digit of d(12)?
1
Suppose -2*x + 3*x - 2 = 0. Suppose -2*p = -i - 0 + 19, 0 = x*i - 3*p - 33. What is the units digit of i?
9
Let w(z) = z**2 + 14*z - 13. Let s be w(-16). Let d = s - 8. What is the units digit of d?
1
What is the hundreds digit of 3 + -2 + (98 - 10/(-2))?
1
Suppose 8 = 8*f - 4*f. Let i = 13 + f. What is the tens digit of i?
1
Suppose -19 = -5*d - q, 5*q - 7 = -6*d + 3*d. Suppose 0 = d*k - 2 - 74. What is the tens digit of k?
1
Let n be (1 - -2)*(-92)/6. Let u = 84 + n. What is the tens digit of u?
3
Suppose -3*g + 2 = z, 0 = -5*g + 2*g. Let a(q) = q**3 - q**2 + 3*q - 2. What is the units digit of a(z)?
8
Let k(i) = 13*i + 68. What is the units digit of k(12)?
4
Let p(s) = -s**2 + 7*s + 5. Let h(z) = 2*z**2 - 20*z - 14. Let q(r) = -3*h(r) - 8*p(r). What is the units digit of q(-6)?
0
Let m be 3 - (-2)/(-2) - 13. Let o = -7 - m. Suppose -o*b + 0*b - 3*g = -45, 1 = -g. What is the tens digit of b?
1
Let g = -265 - -391. Suppose 5*b + y - 150 = -0*y, 2*y = -4*b + g. What is the units digit of b?
9
Let y be ((-8)/(-6))/(2/(-6)). Let t(x) = -7 + 6 - x**2 - 4*x + 4. What is the units digit of t(y)?
3
Let a(j) = j**3 - 8*j**2 + 2*j - 5. What is the units digit of a(8)?
1
Suppose 0 = -3*i - 5*h + 5, -i + 2*i + 2*h - 2 = 0. Let r = 6 - i. Let b(n) = n**2 - 7*n + 8. What is the units digit of b(r)?
2
What is the tens digit of ((-224)/40)/((-4)/10)?
1
Let n(b) = -7*b - 2*b**2 + 2*b**2 - 6*b**2 - b**3 - 6. Let y be n(-5). Suppose 3*g = y - 1. What is the units digit of g?
1
Let s(w) = w**3 - 7*w**2 + 9*w. Let g be s(6). Let n = -10 + g. What is the units digit of n?
8
Let r(y) = -2*y - 2. Let j be r(-4). Let s be ((-12)/10)/(j/(-20)). Suppose s*p = -o + 32, -p - o + 11 = -0. What is the units digit of p?
7
Let d(q) = 10*q**2 - 3*q + 9. Let r(j) = -3*j**2 + j - 3. Suppose -5*s - 20 = 0, -f - 20 = 5*s + 7. Let b(x) = f*r(x) - 2*d(x). What is the units digit of b(0)?
3
Let r(n) = 3*n - 7. Let p be r(5). What is the units digit of p/10*105/6?
4
Let w be 6/(-4)*(1 + -3). What is the units digit of ((-18)/(-7))/w*14?
2
What is the units digit of 3/6 - 31/(-2)?
6
Let g(u) = -2 - 9*u**2 + 0 + u**3 - 2*u**3 + 7*u. What is the tens digit of g(-10)?
2
Suppose 0 = 4*c - 5*i - 198, 10 = -8*i + 3*i. What is the units digit of c?
7
Suppose -2*s + 0 = 8. Let z = s - -7. What is the units digit of (z/(-3) - -10) + 0?
9
Let x = -34 + 47. What is the units digit of x/3 - 6/(-9)?
5
Let z = 1 - -2. Suppose z*a = -2*a + 50. What is the tens digit of a?
1
Let o(i) = -i**3 - i**2 + i + 2. Let y be o(2). Let j be 1/(0 + 2/y). What is the units digit of 64/12 + j/(-6)?
6
Let d be (-2)/5*(-9 - 1). Let t(u) = d*u - u - u. What is the tens digit of t(8)?
1
Suppose -4*m = -x + 23 + 2, -5*m - 110 = -3*x. Suppose 0 = 4*o - 35 - x. What is the tens digit of o?
2
Let z(k) = -k**3 - 10*k**2 - k - 2. Suppose u + 10 = -5*g, 8*g - 140 = 4*u + 3*g. Let d = u + 20. What is the units digit of z(d)?
8
Let p(n) be the first derivative of -n**2/2 - 5*n - 2. What is the units digit of p(-8)?
3
Let n be -1*(-15)/(-6)*-4. Suppose 0 = 3*y - c + 5, c = -3*y - c + n. Suppose y = 2*s - 10 - 0. What is the units digit of s?
5
Let h(p) = -p**3 + 4*p**2 + 3*p + 1. Let a be h(5). Let q = a + 4. Let m = 7 - q. What is the units digit of m?
2
Suppose -3*q = -4*i - 2*q + 83, 3 = -i + 5*q. What is the tens digit of i?
2
Suppose -i + 36 = 2*b - 0, -3*i - 12 = 0. What is the units digit of b?
0
Suppose -w - 1 = -2*m, 4*w = 4*m + 6*w - 22. Suppose -5*r - 23 = 5*x - 3*x, 0 = m*x - r - 8. What is the units digit of x + -1 + 0 + 8?
8
Let i(g) = -9*g**3 + 18*g**2 + 7*g - 5. Let o(q) = -5*q**3 + 9*q**2 + 3*q - 3. Let x(z) = -6*i(z) + 11*o(z). What is the units digit of x(-8)?
5
Let z(c) be the third derivative of c**6/360 - c**5/40 - c**4/12 - c**3/3 + 2*c**2. Let p(v) be the first derivative of z(v). What is the units digit of p(4)?
2
Suppose 2*t - 8 = 0, -5*q - 3*t + 58 = -3*q. Let s = q - 11. What is the tens digit of s?
1
Suppose -7 = -d - 2. Suppose 9*u - d*u = 108. What is the tens digit of u?
2
Let h be 0 + 0 + (0 - 4). Let r = h + 17. What is the tens digit of r?
1
Let y(q) = q**2 + 6*q - 11. Let m be y(-8). Suppose -m*b + 0 = -10. Suppose a - b*a = -10. What is the units digit of a?
0
Suppose 2*t + 2*t + 5*c = 128, -5*c = 0. What is the units digit of t?
2
Let a(f) = 6*f**2 - 2*f + 1. What is the units digit of a(1)?
5
Let r(z) = -z**3 + 5*z**2 + 2*z - 3. Let g be r(5). Suppose 0 = -4*u + g*u - 30. What is the tens digit of u?
1
Let h(d) be the first derivative of -d**5/20 + d**3/6 + 3*d - 1. Let f(c) be the first derivative of h(c). What is the units digit of f(-2)?
6
Let n = -85 + 293. What is the tens digit of n?
0
Suppose -3 = 2*n + 3. What is the tens digit of (2/n)/((-1)/18)?
1
Let w(x) = 16 - 7*x - 3 - x**2 - 5*x. What is the units digit of w(-11)?
4
Suppose 0 = -4*h + 513 + 547. What is the tens digit of h?
6
Suppose -5*x = x - 222. What is the tens digit of x?
3
What is the tens digit of (4/6 - 0)*(20 - -1)?
1
Suppose -126 = -4*q + 5*f, 25 = q + f - 2. What is the units digit of q?
9
Let c be 50/(-6) + (-1)/(-3). Let f(u) be the first derivative of -u**4/4 - 3*u**3 - 9*u**2/2 + 8*u + 18. What is the units digit of f(c)?
6
Let s = 15 + -11. What is the units digit of 58/4 - 2/s?
4
Let w = -10 - -20. Suppose -k - x - 6 = -21, 2*x = 2*k - w. What is the tens digit of k?
1
Let v be ((-56)/70)/((-2)/(-5)). What is the units digit of 1 + -4 - 68/v?
1
Let a = 8 + -11. What is the units digit of a/5 - (-515)/25?
0
What is the units digit of 9/((24/16)/((-10)/(-1)))?
0
Let q(z) = z**2 - z + 17. What is the tens digit of q(5)?
3
What is the units digit of 65/((-2 - 1)/(-3))?
5
Let k(u) be the third derivative of -5*u**4/24 - u**3/2 + u**2. Suppose -3*d + 5 = 5*l, 6*d - 16 = -2*l + 2*d. What is the units digit of k(l)?
7
What is the units digit of -46*-3*2/3?
2
Let x(u) = u**3 + 14*u**2 - 41*u - 25. What is the tens digit of x(-16)?
1
Let i(y) = 90*y**2 + 3*y + 2. What is the units digit of i(-1)?
9
Let k be (-1)/(-9)*3*12. Suppose -k*u - 44 = -0*o - 4*o, 0 = -5*o - 4*u + 19. What is the units digit of o?
7
Suppose 0*o + 4 = -o. Let d be 4/(-3)*6/o. Suppose -3*n = d*i - 15, -3*n - i + 12 = -0*n. What is the units digit of n?
3
Let w(g) = g + 11. Let l be w(10). Suppose 0 = -5*d + l + 59. What is the tens digit of d?
1
Suppose 4*b = -0*b + 12. What is the tens digit of (-132)/4*(-1)/b?
1
Suppose 5*g - 3*g = 122. What is the units digit of g?
1
Let h = 142 + -33. What is the tens digit of h?
0
Suppose 5*l + 12 = l. Let s(i) = 2*i**2 + 2*i - 2. What is the units digit of s(l)?
0
Suppose 2*z = -0*z + 10. Let h = z + -2. What is the units digit of h?
3
Let z be 347/(-2) - 5/10. What is the tens digit of (-4)/10 + z/(-10)?
1
Let j(c) = c - 1. Let v be j(-2). Let m = -2 - v. What is the units digit of -2*(m - 